4
Calculate the highest common factor of 165 and 1925925.
15
What is the greatest common factor of 130 and 222626040?
130
Calculate the greatest common factor of 96455034 and 2340.
234
What is the greatest common factor of 552 and 172024544?
184
Calculate the highest common factor of 76740 and 1757160.
60
What is the highest common factor of 51145 and 85885?
965
Calculate the greatest common factor of 1108744461 and 118.
59
What is the greatest common factor of 156 and 8393610?
6
Calculate the highest common divisor of 119197 and 64077.
689
Calculate the greatest common factor of 55416306 and 363.
363
Calculate the greatest common factor of 718444 and 11180.
172
Calculate the highest common factor of 37995426 and 144.
18
Calculate the highest common factor of 271 and 2832359210.
271
What is the highest common divisor of 36277141 and 276?
23
What is the greatest common factor of 130288 and 2?
2
What is the highest common divisor of 11081 and 205681?
7
Calculate the highest common divisor of 25194140 and 10.
10
Calculate the greatest common factor of 9474 and 11727233.
1579
What is the greatest common divisor of 6059286 and 36?
18
What is the highest common factor of 3860228 and 207?
23
What is the highest common divisor of 3130765 and 165?
55
What is the greatest common factor of 19844560 and 240?
80
What is the highest common divisor of 497712 and 3116?
4
Calculate the highest common divisor of 5943072 and 17472.
96
What is the highest common factor of 487606 and 33698?
406
Calculate the highest common divisor of 96250 and 276430.
770
What is the greatest common factor of 31000 and 106750?
250
What is the greatest common divisor of 73650 and 222914?
982
What is the greatest common divisor of 169065306 and 9?
9
What is the greatest common divisor of 2211788 and 310?
62
Calculate the highest common factor of 4844 and 1484.
28
Calculate the highest common divisor of 280 and 4561224920.
280
Calculate the highest common factor of 16834 and 1164647.
443
What is the highest common divisor of 77704 and 93118531?
9713
What is the greatest common divisor of 36092550 and 26394?
498
Calculate the highest common divisor of 19536 and 60247.
11
Calculate the highest common divisor of 5244 and 52476708.
5244
What is the greatest common factor of 666 and 425561346?
666
What is the highest common factor of 3983545 and 55?
5
Calculate the highest common factor of 1058 and 9254326.
1058
What is the greatest common factor of 366613330 and 1564?
782
Calculate the highest common factor of 122 and 32815194.
122
Calculate the highest common factor of 879129 and 1219.
23
What is the highest common factor of 5449940 and 50?
10
What is the greatest common factor of 2038 and 59364902?
2038
What is the greatest common factor of 66123 and 75919?
2449
Calculate the highest common factor of 50 and 17857325.
25
Calculate the greatest common divisor of 424 and 521389196.
212
Calculate the highest common divisor of 2000 and 6109540.
20
What is the greatest common divisor of 5144088 and 46?
46
What is the greatest common divisor of 7481295 and 7248?
453
Calculate the greatest common divisor of 455130 and 1284867.
3501
What is the highest common divisor of 7238 and 4570720?
154
Calculate the highest common divisor of 84950586 and 756.
378
Calculate the greatest common divisor of 1442 and 1121113.
7
Calculate the highest common factor of 180070674 and 56082.
4314
What is the greatest common factor of 1384 and 794166188?
692
What is the highest common divisor of 4684324 and 25996?
388
Calculate the highest common factor of 34498 and 3226664.
734
Calculate the highest common factor of 1461669 and 858.
33
What is the highest common factor of 1572 and 98612739?
393
Calculate the greatest common factor of 10 and 1171010.
10
What is the highest common factor of 163 and 3904681952?
163
Calculate the highest common factor of 28128 and 872554.
586
Calculate the highest common divisor of 56 and 8344588.
28
Calculate the greatest common factor of 943 and 564160.
41
What is the highest common factor of 21 and 71040873?
3
Calculate the greatest common factor of 890747 and 8723.
143
Calculate the highest common factor of 10710 and 547570.
170
Calculate the greatest common factor of 1536943 and 407.
37
What is the greatest common divisor of 8400 and 2316300?
2100
Calculate the highest common divisor of 1819483 and 279.
31
What is the highest common factor of 27189 and 215136?
27
Calculate the highest common factor of 1275545 and 52235.
1685
Calculate the highest common divisor of 1061399 and 753089.
239
What is the highest common factor of 384274177 and 137?
137
What is the greatest common factor of 2268 and 8428?
28
What is the greatest common factor of 9062 and 5983678?
394
What is the highest common divisor of 45894396 and 1590?
318
What is the highest common factor of 513672000 and 15?
15
What is the greatest common divisor of 4060 and 161280252?
812
What is the highest common factor of 645027235 and 1180?
295
Calculate the greatest common divisor of 928 and 1853824.
32
Calculate the highest common factor of 78214590 and 5.
5
What is the greatest common divisor of 8839405 and 6443?
17
What is the greatest common factor of 947002 and 1012?
46
Calculate the highest common divisor of 264 and 7273376.
88
Calculate the greatest common factor of 599697725 and 275.
275
Calculate the greatest common divisor of 1957530 and 1748.
46
Calculate the highest common divisor of 1131450250 and 1050.
350
Calculate the highest common divisor of 89813 and 5225.
19
What is the greatest common factor of 5 and 673025600?
5
What is the highest common factor of 8 and 48487528?
8
What is the highest common divisor of 342 and 17962794?
18
Calculate the highest common divisor of 6255 and 175448997.
1251
What is the highest common divisor of 230 and 3996230?
10
What is the greatest common divisor of 1271228 and 48472?
332
What is the highest common divisor of 195987872 and 9184?
1312
Calculate the greatest common divisor of 35588225 and 2975.
425
What is the highest common divisor of 685 and 362565842?
137
What is the greatest common divisor of 215918050 and 20?
10
Calculate the greatest common factor of 1876112 and 1127.
49
What is the highest common divisor of 1010 and 53408295?
505
Calculate the greatest common divisor of 15927394 and 718.
718
What is the highest common factor of 626 and 421083282?
626
Calculate the highest common factor of 52 and 434340868.
52
What is the highest common factor of 2021067 and 801?
9
What is the greatest common factor of 111040 and 1653120?
320
What is the highest common factor of 1684076 and 44?
4
What is the highest common factor of 24423 and 31185?
21
What is the greatest common divisor of 17592868 and 8?
4
Calculate the greatest common divisor of 19722704 and 4512.
752
Calculate the greatest common divisor of 17439539 and 39.
13
What is the greatest common divisor of 448458046 and 218?
218
Calculate the greatest common divisor of 17 and 47221104.
17
What is the greatest common factor of 8673 and 4044273?
177
Calculate the greatest common divisor of 293350405 and 95.
95
Calculate the greatest common factor of 3868 and 2188.
4
What is the highest common factor of 1884796 and 517685?
2113
What is the highest common divisor of 60 and 140556540?
60
Calculate the greatest common divisor of 1239769 and 25533.
2837
What is the greatest common divisor of 84786018 and 444?
222
What is the greatest common divisor of 334530 and 140670?
270
What is the highest common factor of 10017978 and 798?
114
What is the greatest common divisor of 6075368 and 3640?
104
What is the highest common divisor of 34431 and 446605?
499
What is the highest common factor of 444862987 and 184?
23
Calculate the highest common factor of 22884 and 37716.
12
Calculate the highest common divisor of 50 and 211173425.
25
What is the greatest common divisor of 6684969 and 24?
3
Calculate the greatest common divisor of 2523854 and 102.
34
What is the highest common divisor of 204 and 1522548?
12
What is the greatest common factor of 40 and 179051530?
10
What is the greatest common divisor of 1 and 3269817?
1
Calculate the highest common factor of 7957955 and 255.
85
What is the greatest common factor of 11826 and 552465